i. Is i a composite number?
True
Let f = 84199 - -136192. Is f a prime number?
True
Let k = 59 - 33. Suppose -3*h + k - 5 = 0. Suppose -3*m - 2*p + 3229 = 0, -h*m + 2*m + p = -5399. Is m a composite number?
True
Let s be (14/4)/(5/(-10)). Is 30306*(s - 301/(-42)) a prime number?
True
Let a be ((-62)/(-10) - 7)*4613325/(-10). Suppose -82829 = -5*l + a. Is l prime?
True
Let s(h) = 629*h + 12. Let q be s(14). Let a = 12807 - q. Is a prime?
True
Let t be 118/7 - (15/(-7) + 2). Suppose 0*b + t = -4*b + 5*a, 2*b - 19 = -3*a. Suppose 0 = -4*c + b + 74. Is c prime?
True
Let i be -2*401/(-5)*(-15)/(-6). Suppose -6122 = -2*c - 5*b, 3*c + 2*c - 5*b - 15235 = 0. Suppose c + i = 4*d. Is d a composite number?
False
Let x = -43 + 46. Suppose 5*s + 66 = x*c, 14 = -s - 2*c + 6. Is (-526)/((2/2)/(s/24)) a composite number?
False
Let u(y) = y**3 + y**2 - y + 1. Let v(s) = -3*s**3 - 21*s**2 - 24*s + 41. Let q(l) = 2*u(l) + v(l). Is q(-18) a prime number?
False
Suppose -7*u - 45 = 8*u. Is 4 + -2895*((-12)/(-5) + u) prime?
True
Suppose -19608362 = -47*a - 2587923. Is a composite?
False
Let x be (4210/(-40))/(5/(-20)). Suppose x*c - 425*c = -30556. Is c prime?
True
Let f = -22728 + 119351. Is f prime?
False
Let a = 4437 - -1532. Is a a composite number?
True
Is ((-21)/6 - -3)*54/(-27)*328499 a prime number?
False
Suppose -d + 0*d = -i + 14, 3*d - 63 = -4*i. Let r(x) = i - 8 - 6*x - x**2 + 11*x**2 + 6. Is r(6) prime?
True
Let u(x) = 4*x + 12. Let z be u(-8). Suppose -s + 56 = 3*s. Is s/10 + -1 - 5892/z a prime number?
False
Suppose -2 = -c - 2*a, -26*c = -27*c + 4*a - 4. Suppose -12*h + 71369 + 38443 = c. Is h a composite number?
False
Suppose 2*a - 3*u - 214021 = 0, a - 6*u + u - 107021 = 0. Is a a composite number?
True
Let k(s) = 6 - 31*s - 26*s + 56*s - 3 + 47*s**2. Is k(4) composite?
False
Let l(d) = -d**2 + 11*d - 11. Let x be l(9). Suppose 4616 = -4*c - v, 3*c + 3*v + 3481 = x*v. Is (-20)/(-130) - (c/13 + 2) a prime number?
False
Let s = -144 - -335. Let m = s + -169. Is m a prime number?
False
Let v = 50051 - 28992. Is v prime?
True
Suppose -9033 = 2*o + 5*k, 4*o - 5*k + 23149 = 5158. Let j = o + 6605. Is j composite?
True
Suppose 169*a = -2*i + 164*a + 987256, -a = -2*i + 987292. Is i a prime number?
True
Let p = -615 - -615. Suppose p = w + 2*u - 23765, -5*w - 8*u + 13*u = -118765. Is w a prime number?
False
Suppose -15*n + 75 = 0, 4*x + 21*n - 26*n - 414427 = 0. Is x a prime number?
True
Suppose 4*q = 58 + 62. Let m be (q/10)/((-9)/(-15)). Is (-2)/m + 21303/45 a composite number?
True
Let k be 334/(-4)*(-16)/(-4). Let t = 497 + k. Let g = t - 52. Is g a prime number?
False
Let i = -136271 - -237268. Suppose 3*j + 14*j - i = 0. Is j a composite number?
True
Let c = 312272 - 113569. Is c a composite number?
True
Let x(p) = 8*p + 44. Let f be x(-5). Let a(j) = 39*j**3 + 8*j**2 - 3*j - 1. Is a(f) a prime number?
False
Let l = -218 - -220. Let b(f) = -f**2 - 16*f - 24. Let i be b(-14). Is 54 - l/(-2*(-5 + i)) prime?
True
Let w be 207/19 + (-20)/(-190). Suppose 0 = w*h - 70709 + 21363. Is h prime?
False
Let j = -51 + 59. Suppose 2*c = -j, -4*x + 6*x - 4*c = 2126. Is x prime?
False
Let f = 187486 - 128379. Is f a prime number?
True
Let d(y) = -2380*y + 2399. Is d(-42) prime?
True
Let f(x) = -2*x**2 + 8*x - 1. Let k be f(3). Suppose -18185 = -4*y - j, -k*y + 3*j - 5*j + 22729 = 0. Is y a prime number?
True
Let b(u) be the third derivative of u**5/30 - u**4/4 - 19*u**3/6 - 5*u**2. Let s = -216 + 205. Is b(s) composite?
True
Suppose -13 = -3*q + 2. Suppose -5*b - w = -8979, 3*b - 372 = q*w + 4993. Suppose 9*u = 4*u + b. Is u a prime number?
True
Suppose 5*p - 3*n = -3337, -p + 3*n - 490 = 175. Let y = p + 2015. Is y prime?
False
Let w = 374 - 374. Suppose -h - 4*m + 11919 = w, -4*h - 6*m + 2*m + 47688 = 0. Is h prime?
True
Suppose -2*d = -2*y - 5640, -4*y - y = 3*d + 14108. Let f = y - -4044. Suppose -3*p + 2*v + f = -108, -4*p - 2*v = -1798. Is p a composite number?
True
Suppose -16*s - 3*s + 82308 = 0. Let y = s - 2929. Is y a composite number?
True
Let v be (-32)/18 + (-8)/36. Let p(c) = 10*c**3 - 6*c**2 - 7*c + 3. Let g(f) = 50*f**3 - 31*f**2 - 38*f + 16. Let z(b) = 2*g(b) - 11*p(b). Is z(v) prime?
False
Suppose -51*b + 5966886 + 1716927 = 0. Is b composite?
True
Suppose 0 = 2*r - 2, 0*h - 3*h + 4*r + 3293 = 0. Suppose n - 236 = 5*s, 3*n + 148 - 800 = s. Let m = h + n. Is m composite?
True
Let n = 165927 - 104868. Is n composite?
True
Suppose -23*n = -19*n - 40. Let g be -14*(-2267)/5*n/(-4). Let d = -9660 - g. Is d composite?
True
Let i(w) be the third derivative of 31*w**5/20 + 13*w**4/24 - 89*w**3/6 - 94*w**2. Is i(6) prime?
False
Suppose 6667 = f - 4*l, 5*f - 33431 = 3*l - 7*l. Is f prime?
False
Let z be (-22 - 52) + -1 + 0. Let p = z + 94. Is p prime?
True
Suppose -895031 = -158*c + 2060675. Is c prime?
False
Let m be ((-6)/(-12))/(2/12). Suppose 3*y = -0*v - 4*v - 20, 0 = -5*y + m*v + 15. Suppose -4*n - 62 + 538 = y. Is n composite?
True
Suppose 0 = -t + 2*x + 37, -x = -5*t + 3*x + 215. Let q(k) = -3*k - 12*k**2 + 46*k**2 + t - 46. Is q(-4) composite?
False
Let s be (90/(-21))/(338/(-168) - -2). Let h = -5026 + s. Is ((-3)/(15/(-5)))/((-2)/h) prime?
True
Suppose -8*y + 9*y + 5 = -2*n, 4*y = -4*n. Is (0 - (-1210 + (-20)/5)) + y a prime number?
False
Suppose -3*h + 5*f + 11 = f, 3*f + 6 = 0. Is (-376071)/(-268) - h/4 composite?
True
Suppose 2*j = 3*n + 11308, -15078 = 4*n - 4*j + 2*j. Let q = n + 12123. Is q prime?
True
Let h be 2546/6 - (-22)/(-66). Suppose -7*q + 651 = -0*q. Let m = h - q. Is m a prime number?
True
Let w = 15993 + 43410. Is w a prime number?
False
Let y = 82627 - 52568. Is y a prime number?
True
Suppose 14*g - 30*g + 7634118 = 107*g. Is g prime?
False
Suppose 5*c = 3*k + 11618 + 5122, 0 = 5*k - 25. Is (c/4)/((-24)/(-32)) prime?
True
Suppose 0 = -5*l - 2*s + 461795, 2*l + 2*s - 110202 - 74516 = 0. Is l a prime number?
False
Let s = -6873 - -26534. Is s a prime number?
True
Let i(c) = -2*c**2 + c. Let h be i(2). Let t be (h - -2) + -4*5. Is (t/30)/((-1)/5) + 4857 prime?
True
Suppose -3*g + 476511 = 3*x, -g = -12*x + 10*x + 317662. Is x a composite number?
True
Let f(s) = 126*s + 23. Suppose 202 = 6*p + 4. Suppose d + 2*d - p = 0. Is f(d) prime?
True
Let o(w) = 2*w**3 - 33*w**2 + 14*w + 31. Let k be o(16). Is (-608)/(-5)*(-30)/(-4) - k composite?
True
Is 18/(-12)*(140240/(-24))/1 a prime number?
False
Let r = -123 + 128. Suppose -p + 309 = r*o - 1052, 0 = -5*o. Is p a prime number?
True
Let l = 10 - 7. Let a be (-4 - -1)/3 + 5. Suppose -l*n + 2*w = a*w - 629, 0 = -4*n + 3*w + 850. Is n prime?
True
Let d = 93165 - -18556. Is d a composite number?
False
Let f(n) = -n**2 + 14*n + 34. Suppose 3*p = 2*p + 16. Let s be f(p). Suppose 3*r - 2910 = -m, -4*m = -s*r + 1703 + 251. Is r prime?
True
Let h = -101 + 114. Suppose 4*y + 3*v = -6 + 38, y - h = -2*v. Suppose 5*b - 4490 = -y*b. Is b a prime number?
True
Suppose 2*q - y - 33688 = 0, 10*y - 15*y = 2*q - 33724. Is q composite?
True
Let j(t) = -5*t**3 - t - 1. Let p be j(-1). Suppose -23*n - p*n = -20888. Is n a prime number?
False
Suppose -4*a - x = -2, 5*a - 4*a - 2*x = -4. Suppose a = -6*j + 29240 + 9094. Is j composite?
False
Suppose -8102871 = -75*f + 12*f. Is f a prime number?
False
Suppose -9*q - 3222 + 19323 = 0. Suppose q = 4*s - 1815. Is s prime?
False
Is ((-192)/(-128))/(3/138578 + 0) a composite number?
True
Let y be (-3 - 2) + -2 + 4 + 315. Let m be (-14)/(-63) - 4874/(-18). Let c = y + m. Is c a composite number?
True
Suppose -9*r = -6*r + 3*z - 593451, r - 5*z = 197805. Is r a composite number?
True
Suppose -3*i - 3*t + 118266 = -6*t, i + t - 39432 = 0. Is i composite?
True
Suppose 2*n - 93066 = 14*n - 817038. Is n a composite number?
False
Let y be 3*37*(-8)/8. Let v = y - -108. Is (-1)/v + -1059*125/(-45) a composite number?
True
Suppose -3*n = 2*n + 3*q - 16, 2*q = -n + 6. Suppose -g - n = -6. Suppose 2*l - 878 = 2*r, -2*r - 1793 = -g*l - 29. Is l composite?
False
Let g(u) = u**2 + 4*u - 15. Let z be g(-7). Let t(m) = 4*m**3 + 5*m**2 - 8*m + 46. Is t(z) a composite number?
True
Let s be (-2)/(-8) + (-22)/(-8). Let d be (-16)/(-16) + 8/12*6. Suppose 4*i - 523 = -d*a, 2*a - 183 = -s*i + 204. Is i a composite number?
False
Suppose -2*f = d + 2*d - 2, 4*d - 8 = 0. Let a(q) = -3 - 2